{"id":659,"date":"2021-09-29T13:00:20","date_gmt":"2021-09-29T16:00:20","guid":{"rendered":"http:\/\/centrocomenius.org\/?page_id=659"},"modified":"2024-12-17T13:06:59","modified_gmt":"2024-12-17T16:06:59","slug":"elementor-659","status":"publish","type":"page","link":"https:\/\/centrocomenius.org\/?page_id=659","title":{"rendered":"Experiencia del equipo de profesionales"},"content":{"rendered":"\t\t<div data-elementor-type=\"wp-post\" data-elementor-id=\"659\" class=\"elementor elementor-659\">\n\t\t\t\t\t\t<div class=\"elementor-inner\">\n\t\t\t\t<div class=\"elementor-section-wrap\">\n\t\t\t\t\t\t\t\t\t<section class=\"elementor-section elementor-top-section elementor-element elementor-element-ce8fe27 elementor-section-boxed elementor-section-height-default elementor-section-height-default\" data-id=\"ce8fe27\" data-element_type=\"section\">\n\t\t\t\t\t\t<div class=\"elementor-container elementor-column-gap-default\">\n\t\t\t\t\t\t\t<div class=\"elementor-row\">\n\t\t\t\t\t<div class=\"elementor-column elementor-col-100 elementor-top-column elementor-element elementor-element-71552ea\" data-id=\"71552ea\" data-element_type=\"column\">\n\t\t\t<div class=\"elementor-column-wrap elementor-element-populated\">\n\t\t\t\t\t\t\t<div class=\"elementor-widget-wrap\">\n\t\t\t\t\t\t<div class=\"elementor-element elementor-element-594137c elementor-widget elementor-widget-heading\" data-id=\"594137c\" data-element_type=\"widget\" data-widget_type=\"heading.default\">\n\t\t\t\t<div class=\"elementor-widget-container\">\n\t\t\t<h2 class=\"elementor-heading-title elementor-size-default\">Experiencia del equipo de profesionales<\/h2>\t\t<\/div>\n\t\t\t\t<\/div>\n\t\t\t\t\t\t<\/div>\n\t\t\t\t\t<\/div>\n\t\t<\/div>\n\t\t\t\t\t\t\t\t<\/div>\n\t\t\t\t\t<\/div>\n\t\t<\/section>\n\t\t\t\t<section class=\"elementor-section elementor-top-section elementor-element elementor-element-49135f8 elementor-section-boxed elementor-section-height-default elementor-section-height-default\" data-id=\"49135f8\" data-element_type=\"section\">\n\t\t\t\t\t\t<div class=\"elementor-container elementor-column-gap-default\">\n\t\t\t\t\t\t\t<div class=\"elementor-row\">\n\t\t\t\t\t<div class=\"elementor-column elementor-col-100 elementor-top-column elementor-element elementor-element-009bcd9\" data-id=\"009bcd9\" data-element_type=\"column\">\n\t\t\t<div class=\"elementor-column-wrap elementor-element-populated\">\n\t\t\t\t\t\t\t<div class=\"elementor-widget-wrap\">\n\t\t\t\t\t\t<div class=\"elementor-element elementor-element-b3d0a2a elementor-widget elementor-widget-heading\" data-id=\"b3d0a2a\" data-element_type=\"widget\" data-widget_type=\"heading.default\">\n\t\t\t\t<div class=\"elementor-widget-container\">\n\t\t\t<h2 class=\"elementor-heading-title elementor-size-default\"><p class=\"MsoNormal\" style=\"margin: 0cm; font-size: 12pt; font-family: Calibri, sans-serif; color: rgb(0, 0, 0); font-style: normal; font-weight: 400; letter-spacing: normal; white-space: normal;\"><span style=\"color: rgb(127, 127, 127); font-family: Helvetica; font-size: 14pt;\">El Centro Comenius convoca a profesionales de diversas disciplinas con especial \u00e9nfasis en las \u00e1reas de Educaci\u00f3n Matem\u00e1tica y la integraci\u00f3n de tecnolog\u00edas digitales en el curriculum escolar.&nbsp;<\/span><\/p><br><p class=\"MsoNormal\" style=\"margin: 0cm; font-size: 12pt; font-family: Calibri, sans-serif; color: rgb(0, 0, 0); font-style: normal; font-weight: 400; letter-spacing: normal; white-space: normal;\"><span style=\"color: rgb(127, 127, 127); font-family: Helvetica; font-size: 14pt;\">Su equipo considera docentes de aula y directivos, as\u00ed como acad\u00e9micos y consultores senior en las diversas \u00e1reas de intervenci\u00f3n en que trabajamos.&nbsp;<\/span><\/p><br><p class=\"MsoNormal\" style=\"margin: 0cm; font-size: 12pt; font-family: Calibri, sans-serif; color: rgb(0, 0, 0); font-style: normal; font-weight: 400; letter-spacing: normal; white-space: normal;\"><span style=\"color: rgb(127, 127, 127); font-family: Helvetica; font-size: 14pt;\">Somos un equipo mayormente de profesores de matem\u00e1tica con experiencia en el desarrollo de espacios de aprendizaje. Contamos adem\u00e1s con profesionales de las ciencias educacionales y sociales y de la ingenier\u00eda.&nbsp;<\/span><\/p><br><p class=\"MsoNormal\" style=\"margin: 0cm; font-size: 12pt; font-family: Calibri, sans-serif; color: rgb(0, 0, 0); font-style: normal; font-weight: 400; letter-spacing: normal; white-space: normal;\"><span style=\"color: rgb(127, 127, 127); font-family: Helvetica; font-size: 14pt;\">Como especialistas en el nivel universitario hemos trabajado con cientos de profesores e instituciones educacionales de todos los niveles y de todas las regiones del sistema educativo.&nbsp;<\/span><\/p><br><p class=\"MsoNormal\" style=\"margin: 0cm; font-size: 12pt; font-family: Calibri, sans-serif; color: rgb(0, 0, 0); font-style: normal; font-weight: 400; letter-spacing: normal; white-space: normal;\"><span style=\"color: rgb(127, 127, 127); font-family: Helvetica; font-size: 14pt;\">En la d\u00e9cada de lo 90s creamos el Centro Comenius en la Universidad de Santiago y desde all\u00ed contribuimos en el Proyecto nacional Enlaces, como Centro Zonal responsable de m\u00e1s de 1000 establecimientos de la Regi\u00f3n Metropolitana y la Sexta Regi\u00f3n, as\u00ed como en diversas iniciativas del Ministerio de Educaci\u00f3n.&nbsp;<\/span><\/p><br><p class=\"MsoNormal\" style=\"margin: 0cm; font-size: 12pt; font-family: Calibri, sans-serif; color: rgb(0, 0, 0); font-style: normal; font-weight: 400; letter-spacing: normal; white-space: normal;\"><span style=\"color: rgb(127, 127, 127); font-family: Helvetica; font-size: 14pt;\">Durante 25 a\u00f1os hemos contribuido al curr\u00edculo nacional de matem\u00e1tica, asesorando a la Unidad de Curr\u00edculum del Mineduc, creando y administrando cursos de perfeccionamiento para docentes de matem\u00e1tica para el CPEIP. Como profesionales independientes, en la actualidad somos proveedores de recursos de apoyo al aprendizaje del Mineduc y asesoramos establecimientos educacionales, especialmente en la Novena Regi\u00f3n.&nbsp;<\/span><\/p><br><p class=\"MsoNormal\" style=\"margin: 0cm; font-size: 12pt; font-family: Calibri, sans-serif; color: rgb(0, 0, 0); font-style: normal; font-weight: 400; letter-spacing: normal; white-space: normal;\"><span style=\"color: rgb(127, 127, 127); font-family: Helvetica; font-size: 14pt;\">En los \u00faltimos a\u00f1os, tambi\u00e9n hemos participado de manera protag\u00f3nica en el dise\u00f1o e implementaci\u00f3n curricular de la integraci\u00f3n de las tecnolog\u00edas digitales, pensamiento computacional y programaci\u00f3n en la ense\u00f1anza b\u00e1sica y media, en el contexto de iniciativas privadas y p\u00fablicas como el Plan Nacional de Lenguajes Digitales del MINEDUC.<\/span><span style=\"color: rgb(165, 155, 155); font-family: Helvetica, sans-serif; font-size: 18px; font-weight: 600; letter-spacing: 0.5px; white-space: pre-wrap;\"><\/span><\/p><br><h3 style=\"font-size: 1.66667rem; font-style: normal; font-family: Roboto, sans-serif; letter-spacing: normal; white-space-collapse: collapse;\">Reconocimiento a la Trayectoria<\/h3><span style=\"color: rgb(122, 122, 122); font-size: 18px; font-style: normal; font-weight: 400; white-space-collapse: collapse;\">Nuestro secretario, Fidel Oteiza Morra, ha sido galardonado con el Premio Nacional de Educaci\u00f3n Matem\u00e1tica 2024, reconocimiento otorgado por la SOCHIEM que resalta su labor como pionero en innovaci\u00f3n educativa a nivel nacional e internacional.<\/span><\/h2>\t\t<\/div>\n\t\t\t\t<\/div>\n\t\t\t\t\t\t<\/div>\n\t\t\t\t\t<\/div>\n\t\t<\/div>\n\t\t\t\t\t\t\t\t<\/div>\n\t\t\t\t\t<\/div>\n\t\t<\/section>\n\t\t\t\t\t\t\t\t\t<\/div>\n\t\t\t<\/div>\n\t\t\t\t\t<\/div>\n\t\t","protected":false},"excerpt":{"rendered":"<p>Experiencia del equipo de profesionales El Centro Comenius convoca a profesionales de diversas disciplinas con especial \u00e9nfasis en las \u00e1reas de Educaci\u00f3n Matem\u00e1tica y la integraci\u00f3n de tecnolog\u00edas digitales en el curriculum escolar.&nbsp; Su equipo considera docentes de aula y directivos, as\u00ed como acad\u00e9micos y consultores senior en las diversas \u00e1reas de intervenci\u00f3n en que &hellip;<\/p>\n<p class=\"read-more\"> <a class=\"\" href=\"https:\/\/centrocomenius.org\/?page_id=659\"> <span class=\"screen-reader-text\">Experiencia del equipo de profesionales<\/span> Leer m\u00e1s &raquo;<\/a><\/p>\n","protected":false},"author":1,"featured_media":0,"parent":0,"menu_order":0,"comment_status":"closed","ping_status":"closed","template":"","meta":{"site-sidebar-layout":"no-sidebar","site-content-layout":"page-builder","ast-global-header-display":"","ast-main-header-display":"","ast-hfb-above-header-display":"","ast-hfb-below-header-display":"","ast-hfb-mobile-header-display":"","site-post-title":"disabled","ast-breadcrumbs-content":"","ast-featured-img":"disabled","footer-sml-layout":"","theme-transparent-header-meta":"default","adv-header-id-meta":"","stick-header-meta":"","header-above-stick-meta":"","header-main-stick-meta":"","header-below-stick-meta":"","footnotes":""},"class_list":["post-659","page","type-page","status-publish","hentry"],"_links":{"self":[{"href":"https:\/\/centrocomenius.org\/index.php?rest_route=\/wp\/v2\/pages\/659","targetHints":{"allow":["GET"]}}],"collection":[{"href":"https:\/\/centrocomenius.org\/index.php?rest_route=\/wp\/v2\/pages"}],"about":[{"href":"https:\/\/centrocomenius.org\/index.php?rest_route=\/wp\/v2\/types\/page"}],"author":[{"embeddable":true,"href":"https:\/\/centrocomenius.org\/index.php?rest_route=\/wp\/v2\/users\/1"}],"replies":[{"embeddable":true,"href":"https:\/\/centrocomenius.org\/index.php?rest_route=%2Fwp%2Fv2%2Fcomments&post=659"}],"version-history":[{"count":10,"href":"https:\/\/centrocomenius.org\/index.php?rest_route=\/wp\/v2\/pages\/659\/revisions"}],"predecessor-version":[{"id":1258,"href":"https:\/\/centrocomenius.org\/index.php?rest_route=\/wp\/v2\/pages\/659\/revisions\/1258"}],"wp:attachment":[{"href":"https:\/\/centrocomenius.org\/index.php?rest_route=%2Fwp%2Fv2%2Fmedia&parent=659"}],"curies":[{"name":"wp","href":"https:\/\/api.w.org\/{rel}","templated":true}]}}

<div data-elementor-type="wp-post" data-elementor-id="659" class="elementor elementor-659">
						<div class="elementor-inner">
				<div class="elementor-section-wrap">
									<section class="elementor-section elementor-top-section elementor-element elementor-element-ce8fe27 elementor-section-boxed elementor-section-height-default elementor-section-height-default" data-id="ce8fe27" data-element_type="section">
						<div class="elementor-container elementor-column-gap-default">
							<div class="elementor-row">
					<div class="elementor-column elementor-col-100 elementor-top-column elementor-element elementor-element-71552ea" data-id="71552ea" data-element_type="column">
			<div class="elementor-column-wrap elementor-element-populated">
							<div class="elementor-widget-wrap">
						<div class="elementor-element elementor-element-594137c elementor-widget elementor-widget-heading" data-id="594137c" data-element_type="widget" data-widget_type="heading.default">
				<div class="elementor-widget-container">
			<h2 class="elementor-heading-title elementor-size-default">Experiencia del equipo de profesionales</h2>		</div>
				</div>
						</div>
					</div>
		</div>
								</div>
					</div>
		</section>
				<section class="elementor-section elementor-top-section elementor-element elementor-element-49135f8 elementor-section-boxed elementor-section-height-default elementor-section-height-default" data-id="49135f8" data-element_type="section">
						<div class="elementor-container elementor-column-gap-default">
							<div class="elementor-row">
					<div class="elementor-column elementor-col-100 elementor-top-column elementor-element elementor-element-009bcd9" data-id="009bcd9" data-element_type="column">
			<div class="elementor-column-wrap elementor-element-populated">
							<div class="elementor-widget-wrap">
						<div class="elementor-element elementor-element-b3d0a2a elementor-widget elementor-widget-heading" data-id="b3d0a2a" data-element_type="widget" data-widget_type="heading.default">
				<div class="elementor-widget-container">
			<h2 class="elementor-heading-title elementor-size-default"><p class="MsoNormal" style="margin: 0cm; font-size: 12pt; font-family: Calibri, sans-serif; color: rgb(0, 0, 0); font-style: normal; font-weight: 400; letter-spacing: normal; white-space: normal;"><span style="color: rgb(127, 127, 127); font-family: Helvetica; font-size: 14pt;">El Centro Comenius convoca a profesionales de diversas disciplinas con especial énfasis en las áreas de Educación Matemática y la integración de tecnologías digitales en el curriculum escolar.&nbsp;</span></p><br><p class="MsoNormal" style="margin: 0cm; font-size: 12pt; font-family: Calibri, sans-serif; color: rgb(0, 0, 0); font-style: normal; font-weight: 400; letter-spacing: normal; white-space: normal;"><span style="color: rgb(127, 127, 127); font-family: Helvetica; font-size: 14pt;">Su equipo considera docentes de aula y directivos, así como académicos y consultores senior en las diversas áreas de intervención en que trabajamos.&nbsp;</span></p><br><p class="MsoNormal" style="margin: 0cm; font-size: 12pt; font-family: Calibri, sans-serif; color: rgb(0, 0, 0); font-style: normal; font-weight: 400; letter-spacing: normal; white-space: normal;"><span style="color: rgb(127, 127, 127); font-family: Helvetica; font-size: 14pt;">Somos un equipo mayormente de profesores de matemática con experiencia en el desarrollo de espacios de aprendizaje. Contamos además con profesionales de las ciencias educacionales y sociales y de la ingeniería.&nbsp;</span></p><br><p class="MsoNormal" style="margin: 0cm; font-size: 12pt; font-family: Calibri, sans-serif; color: rgb(0, 0, 0); font-style: normal; font-weight: 400; letter-spacing: normal; white-space: normal;"><span style="color: rgb(127, 127, 127); font-family: Helvetica; font-size: 14pt;">Como especialistas en el nivel universitario hemos trabajado con cientos de profesores e instituciones educacionales de todos los niveles y de todas las regiones del sistema educativo.&nbsp;</span></p><br><p class="MsoNormal" style="margin: 0cm; font-size: 12pt; font-family: Calibri, sans-serif; color: rgb(0, 0, 0); font-style: normal; font-weight: 400; letter-spacing: normal; white-space: normal;"><span style="color: rgb(127, 127, 127); font-family: Helvetica; font-size: 14pt;">En la década de lo 90s creamos el Centro Comenius en la Universidad de Santiago y desde allí contribuimos en el Proyecto nacional Enlaces, como Centro Zonal responsable de más de 1000 establecimientos de la Región Metropolitana y la Sexta Región, así como en diversas iniciativas del Ministerio de Educación.&nbsp;</span></p><br><p class="MsoNormal" style="margin: 0cm; font-size: 12pt; font-family: Calibri, sans-serif; color: rgb(0, 0, 0); font-style: normal; font-weight: 400; letter-spacing: normal; white-space: normal;"><span style="color: rgb(127, 127, 127); font-family: Helvetica; font-size: 14pt;">Durante 25 años hemos contribuido al currículo nacional de matemática, asesorando a la Unidad de Currículum del Mineduc, creando y administrando cursos de perfeccionamiento para docentes de matemática para el CPEIP. Como profesionales independientes, en la actualidad somos proveedores de recursos de apoyo al aprendizaje del Mineduc y asesoramos establecimientos educacionales, especialmente en la Novena Región.&nbsp;</span></p><br><p class="MsoNormal" style="margin: 0cm; font-size: 12pt; font-family: Calibri, sans-serif; color: rgb(0, 0, 0); font-style: normal; font-weight: 400; letter-spacing: normal; white-space: normal;"><span style="color: rgb(127, 127, 127); font-family: Helvetica; font-size: 14pt;">En los últimos años, también hemos participado de manera protagónica en el diseño e implementación curricular de la integración de las tecnologías digitales, pensamiento computacional y programación en la enseñanza básica y media, en el contexto de iniciativas privadas y públicas como el Plan Nacional de Lenguajes Digitales del MINEDUC.</span><span style="color: rgb(165, 155, 155); font-family: Helvetica, sans-serif; font-size: 18px; font-weight: 600; letter-spacing: 0.5px; white-space: pre-wrap;"></span></p><br><h3 style="font-size: 1.66667rem; font-style: normal; font-family: Roboto, sans-serif; letter-spacing: normal; white-space-collapse: collapse;">Reconocimiento a la Trayectoria</h3><span style="color: rgb(122, 122, 122); font-size: 18px; font-style: normal; font-weight: 400; white-space-collapse: collapse;">Nuestro secretario, Fidel Oteiza Morra, ha sido galardonado con el Premio Nacional de Educación Matemática 2024, reconocimiento otorgado por la SOCHIEM que resalta su labor como pionero en innovación educativa a nivel nacional e internacional.</span></h2>		</div>
				</div>
						</div>
					</div>
		</div>
								</div>
					</div>
		</section>
									</div>
			</div>
					</div>

<p>Experiencia del equipo de profesionales El Centro Comenius convoca a profesionales de diversas disciplinas con especial énfasis en las áreas de Educación Matemática y la integración de tecnologías digitales en el curriculum escolar.&nbsp; Su equipo considera docentes de aula y directivos, así como académicos y consultores senior en las diversas áreas de intervención en que &hellip;</p>
<p class="read-more"> <a class="" href="https://centrocomenius.org/?page_id=659"> <span class="screen-reader-text">Experiencia del equipo de profesionales</span> Leer más &raquo;</a></p>
